st common factor of 17 and w?
17
Let o(s) = 2*s + 4. Let d be o(6). Calculate the highest common divisor of 40 and d.
8
Suppose -4 = 3*a - 1. Let v be -15*(14/(-10) - a). Let x = 0 - -4. Calculate the highest common divisor of v and x.
2
Let m(w) = -2*w**2 + 2*w + 0*w**3 + 6*w**2 + 4 + w**3 + w. Let p be m(4). Calculate the highest common divisor of 16 and p.
16
Let g = -8 + 4. Let p(h) = -2*h - 4. Let w be p(g). Suppose -w*x - 2 = -14. Calculate the highest common divisor of x and 18.
3
Let j be ((-63)/(-15) - -3)*20/3. What is the highest common factor of j and 6?
6
Let s(w) = -w + 6. Let x be s(2). Suppose x = m, -m - 27 = -3*f + 17. What is the highest common divisor of 40 and f?
8
Let f = -65 + 125. What is the highest common factor of f and 24?
12
Suppose 5*r - 4*u = 192, 72 = 2*r + u - 10. Let s(g) = g + 17. Let d be s(-12). Calculate the highest common divisor of r and d.
5
Let c(w) be the first derivative of -2*w**3/3 + 2*w**2 - 10*w - 3. Let h be c(8). Let a = h - -181. Calculate the highest common factor of a and 30.
15
Let x(h) = h**3 + 15*h**2 - 2*h - 22. Let i be x(-15). Let d be 10/(-3)*(-24)/10. What is the greatest common factor of i and d?
8
Suppose 0 = -y + 2*r + 170, -3*y - 2*r + 537 = r. What is the highest common divisor of 16 and y?
16
Let q be -2*1/((-2)/16). Suppose -4*w + q = v - 24, 5*v + 5*w - 260 = 0. Calculate the highest common factor of v and 14.
14
Let g be (6 - 1)/(1*-1). Let y = -1 - -9. Let v = y + g. Calculate the highest common divisor of v and 15.
3
Suppose 0 = 3*n - 3*w - 33, -2*n - 2*w + 8 = -34. Suppose -f - 4*f + 400 = 0. What is the highest common divisor of f and n?
16
Suppose 2*l + 0 = 14. Calculate the greatest common divisor of l and 35.
7
Suppose 5*q + 273 = m - 3*m, 0 = q + 2*m + 53. Let i be (-163)/(-11) - 10/q. Suppose -l = -6*l + 75. What is the greatest common factor of l and i?
15
Suppose 45*f + 50 = 50*f. What is the highest common divisor of 80 and f?
10
Let a(d) = 14*d + 4. Let l be a(-3). Let z = 21 + l. Let s = z - -38. What is the greatest common divisor of 14 and s?
7
Let t be 30/(-80) - 211/(-8). What is the greatest common divisor of t and 52?
26
Let l(j) be the first derivative of j**2/2 + 7*j + 1. Let q be l(-3). Calculate the greatest common factor of q and 32.
4
Let a(x) = x**3 - 9*x**2 + 11*x - 2. Let p be a(8). Let i = -14 - -58. Calculate the highest common divisor of p and i.
22
Let i = 21 + -19. Suppose -1 = i*h - 11. What is the greatest common factor of h and 40?
5
Let z = 69 + -61. Calculate the highest common divisor of z and 200.
8
Let r = 11 - 7. Suppose r*c + 4*q - 12 = 0, -4*c + 7 + 4 = 5*q. Calculate the highest common divisor of c and 10.
2
Suppose -r + 3*r - 4*g = 6, 0 = -5*r + 2*g - 9. Let v be 2 - r - (-7)/7. Calculate the greatest common factor of v and 2.
2
Suppose 0 = -4*c - 5*n + 36, -3*c - 2*n + 4 + 23 = 0. Let r be 1 + 2 + -2 + 0. Let z be 5 - (0/1 - r). What is the highest common divisor of z and c?
3
Let x(n) = -n**2 + n + 8. Let w be x(0). Let a(t) = -29*t + 6. Let c be a(-2). What is the highest common divisor of c and w?
8
Suppose -76 = 3*p - 5*p. Suppose -p = -3*l - 5. What is the highest common factor of 55 and l?
11
Suppose 8 = -h - 6. Let p = 4 - 34. Let b = h - p. What is the highest common divisor of b and 32?
16
Suppose n - 2*a + 1 = 46, -3*n - 3*a = -108. Calculate the highest common factor of n and 52.
13
Let q = 240 + -159. What is the highest common factor of q and 9?
9
Let l be ((-2)/(-8))/((-2)/(-16)). Let w be 1 + 43 - 1*l. Let g = -2 + 9. Calculate the greatest common divisor of w and g.
7
Let j be (-32)/(-6)*(-9)/(-6). Let l be (9/(-15))/(2/(-10)). Suppose l*t + 2*f - 4 = -2*t, t = 2*f + 8. Calculate the greatest common divisor of t and j.
2
Suppose -108 = -4*w - 0. Let f = w - 16. Calculate the highest common divisor of f and 121.
11
Let w be 12*6/16*-18. Suppose t - 2*t - 57 = 0. Let h = t - w. What is the highest common factor of 16 and h?
8
Let h = -13 + 19. Let r = h + -3. Suppose -4*m - 14 = -4*x + 10, 0 = -4*x - r*m + 52. Calculate the highest common divisor of x and 5.
5
Let q(d) = -d + 7. Suppose 0 = 4*w - 0*w - 20. Let t be q(w). Suppose -t*z - 4*m = -m - 6, -5*m = z - 3. What is the highest common factor of 27 and z?
3
Suppose -5*p + 40 = -0*p. Let g be (0 - 3)*10/6. Let y = 13 + g. Calculate the highest common divisor of p and y.
8
Let w be (-12 + 4)/(4/(-10)). What is the highest common factor of 2 and w?
2
Suppose 5*o + 1 + 1 = -3*s, -3*s = -3*o + 42. Let h = s + 25. What is the highest common divisor of h and 64?
16
Let t = -2 - -2. Suppose t = -5*g - 2*b + 27 + 55, -3*b = -5*g + 77. Calculate the greatest common factor of g and 32.
16
Let w = 135 - 83. Suppose 3*l + 4*m - 44 = 9*m, 4*m + 4 = 0. What is the greatest common divisor of w and l?
13
Suppose -5*j - 44 = -2*b - b, -3*j = 5*b - 130. Let h = -11 - -10. Let w = h + b. Calculate the highest common factor of 55 and w.
11
Let g(w) = w**3 - 12*w**2 - 11*w + 16. Let d be g(13). Let r = d - 24. What is the highest common factor of r and 126?
18
Let w(y) = 0*y - 1 + 11 - 2*y + y. Let u be w(0). What is the greatest common divisor of 2 and u?
2
Let t(d) = d**2 + 4*d + 4. Let c be t(-7). Let u(s) = -s + 7. Let b be u(8). Let x be 1197/6 - b/2. Calculate the greatest common divisor of c and x.
25
Suppose 519 = -5*j + 8*j. Let y = -83 + j. What is the highest common factor of y and 10?
10
Suppose 2*k + 2*u - 43 = 75, 5*u = -4*k + 238. What is the greatest common factor of k and 38?
19
Suppose 0 = -4*o - 3*k + 552, -5*o - 2*k + 659 = -6*k. What is the highest common factor of o and 15?
15
Let o(k) = 10*k**2 + 2*k - 1. Let f be o(-2). What is the highest common divisor of f and 5?
5
Suppose -5*i = -3*t + 130, -3*i = -i - 2. Calculate the greatest common divisor of t and 18.
9
Let b(j) = j**2 + 8*j + 10. Suppose 0 = -3*z - z + 5*s - 61, -z + 5*s = 34. Let d be b(z). What is the greatest common divisor of d and 171?
19
Let h(u) = u**3 + 7*u**2 + 4*u + 4. Let s be h(-5). What is the greatest common factor of 170 and s?
34
Let k(d) = 22*d**3 + 3*d**2 + d. Let a be k(3). Let h = -338 + a. Calculate the highest common divisor of 26 and h.
26
Let g = 0 + 3. Suppose 0*u - g*u = -30. Calculate the greatest common factor of 70 and u.
10
Suppose -c + 1 = -6*l + l, -4*c = 3*l - 50. Let i = c - -9. Suppose 2*n + j + j - 8 = 0, 0 = 4*n + 5*j - 12. Calculate the greatest common divisor of i and n.
4
Let h(i) = -25*i + 3. Let b be h(-4). Let v = -68 + b. Let c = -26 - -40. What is the greatest common factor of c and v?
7
Let j = 40 - 26. What is the greatest common factor of j and 14?
14
Let m(q) = -q + 59. Let o be m(15). Calculate the greatest common factor of 55 and o.
11
Let r(q) = q**3 - 4*q**2 + 1. Let m be r(4). Let n = 1 + m. Suppose 3*c = -n + 8. What is the highest common divisor of c and 2?
2
Suppose -2*d - 3*d = -4*g + 16, 0 = -5*d + g - 4. Suppose d = -8*n + 3*n + 10. Let m be (0 + n)/((-10)/(-65)). What is the greatest common divisor of m and 65?
13
Let y = 17 + 11. Suppose -1 = -2*m - 29. Let h = -7 - m. What is the greatest common divisor of h and y?
7
Let s = -67 - -96. Let q = -9 + s. Suppose 105 - q = 5*u. What is the greatest common factor of u and 136?
17
Let y(k) = -2*k**3 + k. Let g be y(-1). Let j be ((-22)/(-4))/(2/4). What is the highest common divisor of g and j?
1
Suppose 2*x = 3*k - 2*k - 311, 2*x = 10. Let q = -225 + k. Suppose -2*f = 0, 6*w - w = 5*f + 60. What is the highest common divisor of w and q?
12
Let u = -13 - -69. What is the highest common divisor of u and 7?
7
Let u be ((-60)/(-18))/((-2)/(-33)). Suppose 5*b - 2*g - u = 0, 32 = 4*b - 3*g - g. What is the greatest common divisor of b and 117?
13
Let t(n) = -14*n**3 - 3*n**2 - 13*n - 3. Let c be t(-3). Calculate the greatest common divisor of c and 43.
43
Suppose -4*g = -2*u + 2 - 0, -3*u = -15. Calculate the greatest common divisor of g and 3.
1
Let r = 10 - 6. Let v = -3 + r. Let i = 2 - v. Calculate the highest common factor of i and 4.
1
Suppose -12*b - 25 + 97 = 0. Calculate the highest common factor of b and 18.
6
Let r(j) = 31*j + 2. Let i be r(4). Let t be 2/3*-1*(-29 - -8). Calculate the greatest common divisor of i and t.
14
Suppose 2*n - 3 - 5 = 0. Suppose -m - 3 = 0, n*t + m = -3*m